{"id":247,"date":"2025-07-28T13:11:18","date_gmt":"2025-07-28T13:11:18","guid":{"rendered":"https:\/\/www.omega-proprete.fr\/?page_id=247"},"modified":"2025-08-11T06:17:43","modified_gmt":"2025-08-11T06:17:43","slug":"nettoyages-des-industries-et-dunite-hospitaliere","status":"publish","type":"page","link":"https:\/\/www.omega-proprete.fr\/index.php\/nettoyages-des-industries-et-dunite-hospitaliere\/","title":{"rendered":"Nettoyages des Industries et d&rsquo;Unit\u00e9 Hospitali\u00e8re"},"content":{"rendered":"\t\t<div data-elementor-type=\"wp-page\" data-elementor-id=\"247\" class=\"elementor elementor-247\">\n\t\t\t\t<div class=\"elementor-element elementor-element-c7d742b e-flex e-con-boxed e-con e-parent\" data-id=\"c7d742b\" data-element_type=\"container\">\n\t\t\t\t\t<div class=\"e-con-inner\">\n\t\t\t\t<div class=\"elementor-element elementor-element-db7e2a8 elementor-widget elementor-widget-heading\" data-id=\"db7e2a8\" data-element_type=\"widget\" data-widget_type=\"heading.default\">\n\t\t\t\t\t<h2 class=\"elementor-heading-title elementor-size-default\">Nettoyages des Industries et d'Unit\u00e9 Hospitali\u00e8re<\/h2>\t\t\t\t<\/div>\n\t\t\t\t<div class=\"elementor-element elementor-element-debf060 elementor-widget elementor-widget-heading\" data-id=\"debf060\" data-element_type=\"widget\" data-widget_type=\"heading.default\">\n\t\t\t\t\t<h2 class=\"elementor-heading-title elementor-size-default\">Des environnements sensibles ma\u00eetris\u00e9s avec rigueur et m\u00e9thode<\/h2>\t\t\t\t<\/div>\n\t\t\t\t<div class=\"elementor-element elementor-element-d8366e2 elementor-widget elementor-widget-image\" data-id=\"d8366e2\" data-element_type=\"widget\" data-widget_type=\"image.default\">\n\t\t\t\t\t\t\t\t\t\t\t\t\t\t\t<img fetchpriority=\"high\" decoding=\"async\" width=\"683\" height=\"1024\" src=\"https:\/\/www.omega-proprete.fr\/wp-content\/uploads\/2025\/08\/hospit-683x1024.png\" class=\"attachment-large size-large wp-image-286\" alt=\"\" srcset=\"https:\/\/www.omega-proprete.fr\/wp-content\/uploads\/2025\/08\/hospit-683x1024.png 683w, https:\/\/www.omega-proprete.fr\/wp-content\/uploads\/2025\/08\/hospit-200x300.png 200w, https:\/\/www.omega-proprete.fr\/wp-content\/uploads\/2025\/08\/hospit-768x1152.png 768w, https:\/\/www.omega-proprete.fr\/wp-content\/uploads\/2025\/08\/hospit.png 1024w\" sizes=\"(max-width: 683px) 100vw, 683px\" \/>\t\t\t\t\t\t\t\t\t\t\t\t\t\t\t<\/div>\n\t\t\t\t<div class=\"elementor-element elementor-element-48486eb elementor-widget elementor-widget-text-editor\" data-id=\"48486eb\" data-element_type=\"widget\" data-widget_type=\"text-editor.default\">\n\t\t\t\t\t\t\t\t\t<p data-start=\"322\" data-end=\"547\">Les secteurs industriels et hospitaliers exigent un niveau d\u2019hygi\u00e8ne <strong data-start=\"391\" data-end=\"420\">strict, norm\u00e9 et constant<\/strong>. Nos \u00e9quipes sont form\u00e9es pour intervenir dans des environnements techniques, sensibles ou \u00e0 haut niveau d\u2019exigence sanitaire.<\/p><p data-start=\"549\" data-end=\"693\">Nous proposons des prestations de <strong data-start=\"583\" data-end=\"607\">nettoyage industriel<\/strong> et <strong data-start=\"611\" data-end=\"626\">hospitalier<\/strong>, en respectant les protocoles propres \u00e0 chaque secteur d\u2019activit\u00e9.<\/p><h4 data-start=\"695\" data-end=\"759\"><strong data-start=\"703\" data-end=\"742\">Dans les environnements industriels<\/strong>, nous assurons :<\/h4><ul data-start=\"760\" data-end=\"1095\"><li data-start=\"760\" data-end=\"827\"><p data-start=\"762\" data-end=\"827\">Nettoyage des ateliers, zones de production, cha\u00eenes de montage<\/p><\/li><li data-start=\"828\" data-end=\"892\"><p data-start=\"830\" data-end=\"892\">Entretien des vestiaires, r\u00e9fectoires, bureaux et sanitaires<\/p><\/li><li data-start=\"893\" data-end=\"970\"><p data-start=\"895\" data-end=\"970\">D\u00e9poussi\u00e9rage et aspiration des \u00e9quipements (hors intervention technique)<\/p><\/li><li data-start=\"971\" data-end=\"1020\"><p data-start=\"973\" data-end=\"1020\">Collecte des d\u00e9chets industriels banals (DIB)<\/p><\/li><li data-start=\"1021\" data-end=\"1095\"><p data-start=\"1023\" data-end=\"1095\">Nettoyage de zones sp\u00e9cifiques (zones ATEX, salles blanches sur demande)<\/p><\/li><\/ul><h4 data-start=\"1097\" data-end=\"1159\"><strong data-start=\"1105\" data-end=\"1157\">Dans les unit\u00e9s hospitali\u00e8res et m\u00e9dico-sociales<\/strong> :<\/h4><ul data-start=\"1160\" data-end=\"1454\"><li data-start=\"1160\" data-end=\"1229\"><p data-start=\"1162\" data-end=\"1229\">D\u00e9sinfection des sols, mobiliers, poign\u00e9es et surfaces de contact<\/p><\/li><li data-start=\"1230\" data-end=\"1282\"><p data-start=\"1232\" data-end=\"1282\">Respect des protocoles d\u2019hygi\u00e8ne (bio-nettoyage)<\/p><\/li><li data-start=\"1283\" data-end=\"1350\"><p data-start=\"1285\" data-end=\"1350\">Nettoyage des chambres, salles d\u2019attente, blocs, cabinets, etc.<\/p><\/li><li data-start=\"1351\" data-end=\"1409\"><p data-start=\"1353\" data-end=\"1409\">Utilisation de produits norm\u00e9s (EN 14476, EN 13727&#8230;)<\/p><\/li><li data-start=\"1410\" data-end=\"1454\"><p data-start=\"1412\" data-end=\"1454\">Tra\u00e7abilit\u00e9 et contr\u00f4le qualit\u00e9 r\u00e9gulier<\/p><\/li><\/ul><h4 data-start=\"1456\" data-end=\"1497\"><strong data-start=\"1464\" data-end=\"1497\">Hygi\u00e8ne, s\u00e9curit\u00e9, conformit\u00e9<\/strong><\/h4><p data-start=\"1498\" data-end=\"1710\">Nos agents sont form\u00e9s aux exigences HSE (Hygi\u00e8ne \u2013 S\u00e9curit\u00e9 \u2013 Environnement) et aux protocoles de d\u00e9sinfection. Nous travaillons dans le respect des normes en vigueur (ISO, HACCP, RABC selon les environnements).<\/p>\t\t\t\t\t\t\t\t<\/div>\n\t\t\t\t\t<\/div>\n\t\t\t\t<\/div>\n\t\t<div class=\"elementor-element elementor-element-4553dff e-flex e-con-boxed e-con e-parent\" data-id=\"4553dff\" data-element_type=\"container\">\n\t\t\t\t\t<div class=\"e-con-inner\">\n\t\t\t\t\t<\/div>\n\t\t\t\t<\/div>\n\t\t\t\t<\/div>\n\t\t","protected":false},"excerpt":{"rendered":"<p>Nettoyages des Industries et d&rsquo;Unit\u00e9 Hospitali\u00e8re Des environnements sensibles ma\u00eetris\u00e9s avec rigueur et m\u00e9thode Les secteurs industriels et hospitaliers exigent un niveau d\u2019hygi\u00e8ne strict, norm\u00e9 et constant. Nos \u00e9quipes sont form\u00e9es pour intervenir dans des environnements techniques, sensibles ou \u00e0 haut niveau d\u2019exigence sanitaire. Nous proposons des prestations de nettoyage industriel et hospitalier, en respectant [&hellip;]<\/p>\n","protected":false},"author":1,"featured_media":0,"parent":0,"menu_order":0,"comment_status":"closed","ping_status":"closed","template":"","meta":{"footnotes":""},"class_list":["post-247","page","type-page","status-publish","hentry"],"_links":{"self":[{"href":"https:\/\/www.omega-proprete.fr\/index.php\/wp-json\/wp\/v2\/pages\/247","targetHints":{"allow":["GET"]}}],"collection":[{"href":"https:\/\/www.omega-proprete.fr\/index.php\/wp-json\/wp\/v2\/pages"}],"about":[{"href":"https:\/\/www.omega-proprete.fr\/index.php\/wp-json\/wp\/v2\/types\/page"}],"author":[{"embeddable":true,"href":"https:\/\/www.omega-proprete.fr\/index.php\/wp-json\/wp\/v2\/users\/1"}],"replies":[{"embeddable":true,"href":"https:\/\/www.omega-proprete.fr\/index.php\/wp-json\/wp\/v2\/comments?post=247"}],"version-history":[{"count":7,"href":"https:\/\/www.omega-proprete.fr\/index.php\/wp-json\/wp\/v2\/pages\/247\/revisions"}],"predecessor-version":[{"id":303,"href":"https:\/\/www.omega-proprete.fr\/index.php\/wp-json\/wp\/v2\/pages\/247\/revisions\/303"}],"wp:attachment":[{"href":"https:\/\/www.omega-proprete.fr\/index.php\/wp-json\/wp\/v2\/media?parent=247"}],"curies":[{"name":"wp","href":"https:\/\/api.w.org\/{rel}","templated":true}]}}