{"id":237,"date":"2025-07-28T12:51:20","date_gmt":"2025-07-28T12:51:20","guid":{"rendered":"https:\/\/www.omega-proprete.fr\/?page_id=237"},"modified":"2025-08-11T06:17:11","modified_gmt":"2025-08-11T06:17:11","slug":"nettoyage-des-unites-tertiaires-collectivites-habitat-collectifs","status":"publish","type":"page","link":"https:\/\/www.omega-proprete.fr\/index.php\/nettoyage-des-unites-tertiaires-collectivites-habitat-collectifs\/","title":{"rendered":"Nettoyage des unit\u00e9s Tertiaires, Collectivit\u00e9s, Habitat Collectifs"},"content":{"rendered":"\t\t<div data-elementor-type=\"wp-page\" data-elementor-id=\"237\" class=\"elementor elementor-237\">\n\t\t\t\t<div class=\"elementor-element elementor-element-1f28512 e-flex e-con-boxed e-con e-parent\" data-id=\"1f28512\" data-element_type=\"container\">\n\t\t\t\t\t<div class=\"e-con-inner\">\n\t\t\t\t<div class=\"elementor-element elementor-element-b2cc1ce elementor-widget elementor-widget-heading\" data-id=\"b2cc1ce\" data-element_type=\"widget\" data-widget_type=\"heading.default\">\n\t\t\t\t\t<h2 class=\"elementor-heading-title elementor-size-default\">Nettoyage des unit\u00e9s Tertiaires, Collectivit\u00e9s, Habitat Collectifs<\/h2>\t\t\t\t<\/div>\n\t\t\t\t<div class=\"elementor-element elementor-element-70a1eed elementor-widget elementor-widget-heading\" data-id=\"70a1eed\" data-element_type=\"widget\" data-widget_type=\"heading.default\">\n\t\t\t\t\t<h2 class=\"elementor-heading-title elementor-size-default\">Des espaces propres et sains pour les lieux de vie et de travail<\/h2>\t\t\t\t<\/div>\n\t\t\t\t<div class=\"elementor-element elementor-element-bcbf2b0 elementor-widget elementor-widget-image\" data-id=\"bcbf2b0\" data-element_type=\"widget\" data-widget_type=\"image.default\">\n\t\t\t\t\t\t\t\t\t\t\t\t\t\t\t<img fetchpriority=\"high\" decoding=\"async\" width=\"683\" height=\"1024\" src=\"https:\/\/www.omega-proprete.fr\/wp-content\/uploads\/2025\/08\/immeuble-683x1024.png\" class=\"attachment-large size-large wp-image-287\" alt=\"\" srcset=\"https:\/\/www.omega-proprete.fr\/wp-content\/uploads\/2025\/08\/immeuble-683x1024.png 683w, https:\/\/www.omega-proprete.fr\/wp-content\/uploads\/2025\/08\/immeuble-200x300.png 200w, https:\/\/www.omega-proprete.fr\/wp-content\/uploads\/2025\/08\/immeuble-768x1152.png 768w, https:\/\/www.omega-proprete.fr\/wp-content\/uploads\/2025\/08\/immeuble.png 1024w\" sizes=\"(max-width: 683px) 100vw, 683px\" \/>\t\t\t\t\t\t\t\t\t\t\t\t\t\t\t<\/div>\n\t\t\t\t<div class=\"elementor-element elementor-element-37f496d elementor-widget elementor-widget-text-editor\" data-id=\"37f496d\" data-element_type=\"widget\" data-widget_type=\"text-editor.default\">\n\t\t\t\t\t\t\t\t\t<p data-start=\"430\" data-end=\"794\">Nous proposons des prestations de nettoyage adapt\u00e9es aux besoins des <strong data-start=\"499\" data-end=\"525\">entreprises tertiaires<\/strong>, des <strong data-start=\"531\" data-end=\"548\">collectivit\u00e9s<\/strong> (mairies, \u00e9coles, centres culturels, etc.) et des <strong data-start=\"599\" data-end=\"622\">habitats collectifs<\/strong> (r\u00e9sidences, immeubles, copropri\u00e9t\u00e9s).<\/p><p data-start=\"430\" data-end=\"794\"><u>Notre objectif : garantir un environnement <strong data-start=\"707\" data-end=\"739\">propre, s\u00e9curis\u00e9 et agr\u00e9able<\/strong> pour les usagers, les r\u00e9sidents et les collaborateurs.<\/u><\/p><h4 data-start=\"796\" data-end=\"829\">Nos prestations incluent :<\/h4><ul data-start=\"830\" data-end=\"1214\"><li data-start=\"830\" data-end=\"889\"><p data-start=\"832\" data-end=\"889\">Entretien des bureaux, open spaces et salles de r\u00e9union<\/p><\/li><li data-start=\"890\" data-end=\"955\"><p data-start=\"892\" data-end=\"955\">Nettoyage des parties communes (escaliers, halls, ascenseurs)<\/p><\/li><li data-start=\"956\" data-end=\"1023\"><p data-start=\"958\" data-end=\"1023\">Vidage des corbeilles, d\u00e9poussi\u00e9rage des surfaces, d\u00e9sinfection<\/p><\/li><li data-start=\"1024\" data-end=\"1096\"><p data-start=\"1026\" data-end=\"1096\">Lavage des sols (aspiration, serpill\u00e8re, auto-laveuse si n\u00e9cessaire)<\/p><\/li><li data-start=\"1146\" data-end=\"1214\"><p data-start=\"1148\" data-end=\"1214\">Entretien des sanitaires et r\u00e9approvisionnement des consommables<\/p><\/li><\/ul><h4 data-start=\"1216\" data-end=\"1250\">Une approche personnalis\u00e9e<\/h4><p data-start=\"1251\" data-end=\"1482\">Chaque site est unique. C\u2019est pourquoi nous r\u00e9alisons une <strong data-start=\"1309\" data-end=\"1337\">\u00e9tude pr\u00e9alable<\/strong>\u00a0pour d\u00e9finir les fr\u00e9quences, les horaires d\u2019intervention (en journ\u00e9e ou en horaires d\u00e9cal\u00e9s), et les produits \u00e0 privil\u00e9gier selon vos exigences.<\/p><h4 data-start=\"1484\" data-end=\"1528\">Engagements qualit\u00e9 et environnement<\/h4><p data-start=\"1529\" data-end=\"1730\">Nous privil\u00e9gions l\u2019utilisation de <strong data-start=\"1564\" data-end=\"1592\">produits \u00e9co-responsables<\/strong>, formons nos agents aux bonnes pratiques, et assurons un suivi qualit\u00e9 r\u00e9gulier pour garantir un haut niveau de prestation dans la dur\u00e9e.<\/p>\t\t\t\t\t\t\t\t<\/div>\n\t\t\t\t\t<\/div>\n\t\t\t\t<\/div>\n\t\t<div class=\"elementor-element elementor-element-83b3fed e-flex e-con-boxed e-con e-parent\" data-id=\"83b3fed\" data-element_type=\"container\">\n\t\t\t\t\t<div class=\"e-con-inner\">\n\t\t\t\t\t<\/div>\n\t\t\t\t<\/div>\n\t\t<div class=\"elementor-element elementor-element-744fc5a e-flex e-con-boxed e-con e-parent\" data-id=\"744fc5a\" data-element_type=\"container\">\n\t\t\t\t\t<div class=\"e-con-inner\">\n\t\t\t\t\t<\/div>\n\t\t\t\t<\/div>\n\t\t\t\t<\/div>\n\t\t","protected":false},"excerpt":{"rendered":"<p>Nettoyage des unit\u00e9s Tertiaires, Collectivit\u00e9s, Habitat Collectifs Des espaces propres et sains pour les lieux de vie et de travail Nous proposons des prestations de nettoyage adapt\u00e9es aux besoins des entreprises tertiaires, des collectivit\u00e9s (mairies, \u00e9coles, centres culturels, etc.) et des habitats collectifs (r\u00e9sidences, immeubles, copropri\u00e9t\u00e9s). Notre objectif : garantir un environnement propre, s\u00e9curis\u00e9 et [&hellip;]<\/p>\n","protected":false},"author":1,"featured_media":0,"parent":0,"menu_order":0,"comment_status":"closed","ping_status":"closed","template":"","meta":{"footnotes":""},"class_list":["post-237","page","type-page","status-publish","hentry"],"_links":{"self":[{"href":"https:\/\/www.omega-proprete.fr\/index.php\/wp-json\/wp\/v2\/pages\/237","targetHints":{"allow":["GET"]}}],"collection":[{"href":"https:\/\/www.omega-proprete.fr\/index.php\/wp-json\/wp\/v2\/pages"}],"about":[{"href":"https:\/\/www.omega-proprete.fr\/index.php\/wp-json\/wp\/v2\/types\/page"}],"author":[{"embeddable":true,"href":"https:\/\/www.omega-proprete.fr\/index.php\/wp-json\/wp\/v2\/users\/1"}],"replies":[{"embeddable":true,"href":"https:\/\/www.omega-proprete.fr\/index.php\/wp-json\/wp\/v2\/comments?post=237"}],"version-history":[{"count":13,"href":"https:\/\/www.omega-proprete.fr\/index.php\/wp-json\/wp\/v2\/pages\/237\/revisions"}],"predecessor-version":[{"id":300,"href":"https:\/\/www.omega-proprete.fr\/index.php\/wp-json\/wp\/v2\/pages\/237\/revisions\/300"}],"wp:attachment":[{"href":"https:\/\/www.omega-proprete.fr\/index.php\/wp-json\/wp\/v2\/media?parent=237"}],"curies":[{"name":"wp","href":"https:\/\/api.w.org\/{rel}","templated":true}]}}